6 + -308. Suppose 0 = 6*r + 20*t - 25*t - 21, -4*t + 36 = 0. What is the remainder when k is divided by r?
6
Suppose 12 = x + 4*n, -3*x + 0*n + 4*n + 116 = 0. What is the remainder when x is divided by ((-9)/27)/(96/99 - 1)?
10
Let h = -15027 - -15071. Let d(z) = 66*z**2 + 2*z - 1. What is the remainder when d(-2) is divided by h?
39
Suppose 13*x = 5*x - 160. Calculate the remainder when 61 is divided by ((-48)/x)/(3/10).
5
Let l = 85 + 28. Let u = -302 + 341. Let g = u - 1. What is the remainder when l is divided by g?
37
Calculate the remainder when (-23 - (-3660)/160)*4*-1*5146 is divided by 33.
32
Suppose -2*y - 2*a + 210 = 0, -173 = -2*y + a + 22. Calculate the remainder when 241 is divided by y.
41
Suppose -30*b = -20*b - 1300. Suppose 0*r + 2*r = -3*l + b, 0 = 3*l. What is the remainder when 251 is divided by r?
56
What is the remainder when 141 is divided by 20 - (5 + (-65)/15)*3?
15
Suppose -6*f = 169 - 55. Let j = -6 - f. What is the remainder when 142 is divided by j?
12
Let u(d) = d**3 + 110*d**2 - 705*d + 24. Calculate the remainder when u(-116) is divided by 182.
158
Suppose -8*s = -7*s - 5*t + 21, 0 = 2*s + 3*t + 29. Let d = s - -97. Calculate the remainder when d is divided by 4.
1
Let q(x) = -x**3 - 6*x**2 - 8*x - 7. Let m be q(-5). What is the remainder when 249 is divided by (m*6/20)/(50/875)?
39
Let f(d) = d**2 - 3*d + 16. Suppose 9 = -3*j - 9. Calculate the remainder when f(-8) is divided by (10/j)/((-6)/126).
34
Let o = 5672 - 4873. Calculate the remainder when o is divided by 88.
7
Let n(w) = 2*w + 33. Suppose 2*m = 4*t + 52, 10 = -3*t + t. Let r be n(m). Suppose 5*g - 10 - r = 0. What is the remainder when 57 is divided by g?
12
Let a(p) = 3*p**2 + p. Let o be a(-1). Suppose -o*b + 21 = -15. Let w(i) = 689*i + 4876. What is the remainder when w(-7) is divided by b?
17
Suppose t + 7*u - 11*u - 5668 = 0, -4*t + 22819 = 5*u. Calculate the remainder when t is divided by 114.
110
Let r = -16960 - -37728. What is the remainder when 429 is divided by (-26)/(-22) + -1 + r/242?
85
Let m = -2821 - -2832. Suppose -2*y - 3*y + 10 = 0. Calculate the remainder when m is divided by y + -2*(-1 + 0).
3
Let d(x) = 9 + 0*x - x**3 + 15*x - 25*x**2 + 6 + 7*x**2. Suppose -3*o - 4*k = 45, -5*o - 2*k = -4*k + 101. Calculate the remainder when d(o) is divided by 47.
44
Let u(v) = v**3 - 3*v**2 - v + 7. Let s be u(6). Suppose -81 = -30*z - 2331. Let o = z + s. What is the remainder when o is divided by 20?
14
What is the remainder when 72/252 + (16432/14 - -2) is divided by 388?
12
Suppose 7706 = 3*c - 2*k, -c + k - 699 + 3266 = 0. Calculate the remainder when c is divided by 117.
115
Suppose 497*x - 316*x = 3620. What is the remainder when x is divided by 10?
0
Let l(x) = 255*x - 993. What is the remainder when 722 is divided by l(4)?
20
Let k = 165 + 13. Let f = k + -121. Suppose -j - f = -4*r, -5*r + 26 + 40 = -3*j. What is the remainder when 27 is divided by r?
12
Suppose 114 = 6*m - 4*m - 4*w, -2*m = 5*w - 60. What is the remainder when 942 is divided by m?
42
Let o = -31 - -30. Let z(c) = 21*c**3 - c**2 - 3*c - 2. Let l be z(o). What is the remainder when 3 is divided by 2/8 + l/(-12)?
1
Suppose 19*t = 13*t + 6. Suppose -12*a + 50 = -17*a. Calculate the remainder when ((-30)/20)/(1 - (-13)/a) is divided by t.
0
Suppose u = 104 - 34. Let f be (468/(-54))/(6/(-81)). Suppose 243 = 10*v - f. Calculate the remainder when u is divided by v.
34
Let h be 18/(-4)*(-1564)/51. Let n = h + -114. What is the remainder when 46 is divided by n?
22
Suppose -30 = 2*t - 8*t. Suppose 2*g = -5*q + 94 + 18, 0 = -t*g - 2*q + 322. Suppose 3*d - g = 141. Calculate the remainder when d is divided by 14.
13
What is the remainder when 109 is divided by 12 - ((-17)/((-85)/20) + 5)?
1
Let k = -12366 - -14478. Calculate the remainder when 6337 is divided by k.
1
Suppose -462 = 3*m - 87. Let g = -117 - m. Calculate the remainder when 36 is divided by g.
4
Let x = 17298 - 11305. Calculate the remainder when x is divided by 54.
53
Suppose 4*w + 188 = 1064. Suppose -2*m - 48 = -138. What is the remainder when w is divided by m?
39
Let o = -11555 - -11572. Calculate the remainder when 829 is divided by o.
13
Suppose 6370 + 49389 = 37*d. Calculate the remainder when d is divided by 72.
67
Suppose 0 = 5*a - 0*a - 330. Let o(f) = f**2 - 139*f - 2803. Calculate the remainder when a is divided by o(-18).
20
Let s = 3 - -4. Calculate the remainder when (13 - 9)/(-4)*-46 is divided by s.
4
Let b be 7/(245/10) - (-243)/7. Suppose -140 = -4*f + 5*x, f + 4*x = 2*f - b. What is the remainder when f is divided by 18?
17
Suppose 1490 = 96*k - 6958. Let o(q) = -q**3 - 7*q**2 + 14*q + 9. Calculate the remainder when k is divided by o(-9).
43
Suppose -111*j + 104*j = -35. Suppose -j*f - 2*f = -56. Calculate the remainder when 70 is divided by f.
6
Suppose 10 = 5*j, c + 4*c = -5*j + 980. Let f(b) = -b**2 - 819*b + 29052. Calculate the remainder when c is divided by f(34).
44
Let m = -2 - -4. Suppose -m*p + 0 = 10, i = -4*p + 117. What is the remainder when i is divided by 46?
45
Let d(x) = 11*x + 92. Let l = 85 + -91. Calculate the remainder when 102 is divided by d(l).
24
Let a(b) = -b - 5. Let o be a(-4). Suppose -4*c - 88 = -4*s, 0 = 3*s - 45*c + 47*c - 71. What is the remainder when ((-32)/(-20))/(o/(-40)) is divided by s?
18
Suppose 31*p + 528 = 97*p. Let o = -259 + 368. What is the remainder when o is divided by p?
5
Let k(i) = i**3 - 8 - 826*i**2 - 9*i + 425*i**2 + 413*i**2. What is the remainder when k(-11) is divided by 54?
50
Suppose 2*a + 2803 = 3*w + 6*a, w = -a + 934. Calculate the remainder when w is divided by 174.
63
Let y = -2266 - -2489. Suppose -3*u + 105 = -126. What is the remainder when y is divided by u?
69
Calculate the remainder when ((-3)/(24/(-1852)))/(1/2) is divided by (2/(-3))/((-1)/87).
57
Let a be 20*(18/(-63) - 4/35). What is the remainder when 114 is divided by -39*(-2 - a - 7)?
36
What is the remainder when 242 is divided by ((576/27)/(-16))/(-2 + 812/408)?
106
Let d be (-2 + 26)/(9/6). Suppose 2198 - 2310 = -4*a + 2*o, 52 = 2*a - 3*o. Calculate the remainder when a is divided by d + 3/6*2.
12
Calculate the remainder when -27*((-4)/3)/4 is divided by -60*(-3)/12 + -10.
4
Let c(s) = s - 13. Let j be c(22). Suppose -11*p + j*p + 46 = 0. Suppose -p*x - 732 = -27*x. What is the remainder when x is divided by 46?
45
Let l(r) = r**3 - 8*r**2 - 63*r - 19. What is the remainder when 87 is divided by l(13)?
3
Suppose -64*w + 59*w = 0. Suppose -56*d - 188 + 7300 = w. What is the remainder when d is divided by 33?
28
Let w(t) = -t**3 - 79*t**2 + 151*t - 683. What is the remainder when 5823 is divided by w(-81)?
207
Let c be ((-990)/(-225))/(-1 - (-16)/15). Suppose k = 4*u - 5*u + c, 5*u = 3*k + 370. Calculate the remainder when u is divided by 15.
11
Let p(b) = -b**3 - 9*b - 1. Let i(x) = 5*x**2 + 14*x - 6. Let t be i(-3). Calculate the remainder when 368 is divided by p(t).
50
What is the remainder when -3 - ((-126)/7 + -166) is divided by 180?
1
Let k = 31 + -4. Let b(s) = s**2 - 17*s + 16. Let j be b(16). Suppose j*c - 14 = -2*c - n, 2*n = -3*c + 21. What is the remainder when k is divided by c?
6
What is the remainder when 4228 is divided by 720/24 - (-45)/(-3)?
13
Let g be (-1 + 303)*(42/(-12) + 4). Suppose 0*t - 150 = -5*t + 4*u, 3*u = -4*t + g. What is the remainder when 98 is divided by t?
30
Suppose 48*o - 43*o = 30. Calculate the remainder when 323 is divided by o.
5
Let v be (-6)/(-9)*1*(-387)/6. What is the remainder when (v/(-7) + -6)*(32 + 3) is divided by 3?
2
Suppose -8*g + 9*g = -2*z + 21, -g + 17 = 4*z. Calculate the remainder when 1/1 + g + 84 is divided by 58.
52
Let h be (60/8)/((-6)/(-16)). Suppose -w = -3*s + 207, 19*s - 2*w = h*s - 62. Calculate the remainder when s is divided by 8.
4
What is the remainder when (184720/(-26))/(-8) - 16/208 is divided by 18?
6
Let h be (-1 - 1)/(-8) + (-2090)/(-152). Suppose -174 = -2*x - h. What is the remainder when x is divided by 23?
11
Let i = 16633 + -16626. Calculate the remainder when -2 + -26*1/(-2) is divided by i.
4
Let i(c) = 147*c**2 + 11*c + 1. Let x be (1/1)/(2/(-2)). What is the remainder when i(x) is divided by 10?
7
Suppose 0 = -12*v + 20 + 100. Suppose v*o = 87 - 17. What is the remainde